hat are the prime factors of k?
2
Suppose -7*m + 2*m = -130. Suppose 4 = 3*w - m. What are the prime factors of w?
2, 5
Suppose 8 = 4*l - 3*l. Suppose 5*w + 76 = 4*j, -l = -2*w - 0*w. What are the prime factors of j?
2, 3
List the prime factors of ((-66)/(-24))/(7/(-4) - -2).
11
Let k be 18/(-12) - (-6)/4. Suppose t = 2 - k. Suppose -t*o = -4*o + 8. List the prime factors of o.
2
Suppose -12*x + 15*x = 27. Suppose -2*n - v + 11 = 0, 2*v + 10 = -2*n + 6*n. Suppose -t + 9 = b - n*b, b = -t + x. List the prime factors of t.
3
Let m(l) = -l**3 + 4*l**2 + 2*l - 1. Let b be m(4). Let j = 2 + -3. List the prime factors of j + b/((-7)/(-12)).
11
Let b = -53 + 235. What are the prime factors of b?
2, 7, 13
Let d(j) = j + 1. Let h(a) = a - 1. Let k be h(8). What are the prime factors of d(k)?
2
Let c(l) = -l**2 - 7*l - 5. Let v be (2/(-3))/(3/27). Let a be c(v). What are the prime factors of 1 - a - (-15 + 2)?
13
Let l(c) = -4*c - 2. Let t be l(2). Let x be ((-5)/t)/((-2)/8). List the prime factors of -11*2/(1*x).
11
Let s(p) = 23*p**2 - 5*p + 20. What are the prime factors of s(3)?
2, 53
Let o(w) = -9*w + 10. Let c(y) be the third derivative of -y**4/6 + 5*y**3/6 + 2*y**2. Let r(t) = 7*c(t) - 3*o(t). List the prime factors of r(-5).
2, 5
Suppose 5*a = 5*q + 20, 2*a + 0*q - 8 = -4*q. Suppose -2*m - a*u + 82 = 0, -3*m = u + 4*u - 124. List the prime factors of m.
43
Let w(u) = -21*u + 4. Let l(x) = 11*x - 2. Let o(m) = -5*l(m) - 3*w(m). List the prime factors of o(5).
2, 19
Suppose -2*q = 2*w - 16 - 56, -2*q + 2*w = -52. Suppose -3*f + 5*x = -q, 5 = -5*f - x - 2*x. What are the prime factors of f?
2
Let k(n) = -50*n - 2. What are the prime factors of k(-2)?
2, 7
Let w = 56 + -40. Let f = 7 + w. List the prime factors of f.
23
Let q be (-1)/(3 + 136/(-44)). Suppose q = o - 3*p, 53 = 2*o - 2*p + 15. List the prime factors of o.
23
Let d(j) = j**2 - 5*j - 12. Let q be d(9). Let v = q + -11. Suppose v = -3*g + 4*g. List the prime factors of g.
13
Let s = -2 + 28. List the prime factors of s.
2, 13
Let h(c) = -c + 3. Let w be h(3). Suppose w = -0*n - 2*n + 82. List the prime factors of n.
41
Suppose 5*n + q - 380 = -0*q, -4*n = -2*q - 304. List the prime factors of n.
2, 19
Let u = 20 + 61. List the prime factors of u.
3
Suppose -5*f + 278 = 3*d, d = 4*f - 159 - 60. List the prime factors of f.
5, 11
Let k(z) = z**3 - 4*z**2 - 3*z + 4. List the prime factors of k(6).
2, 29
Suppose -2*g - 3*h = -6*h + 11, 3*h + 9 = 0. What are the prime factors of (g/(-8))/((-7)/(-56))?
2, 5
Suppose 3*l = -15, -l + 0*l - 60 = -v. What are the prime factors of v?
5, 11
Let a be 3*4/12*0. Suppose 5*q = -a*q + 120. List the prime factors of q.
2, 3
List the prime factors of (3/6)/((-3868)/(-1288) + -3).
7, 23
Let h be (1 - 4)/(2/(-42)). What are the prime factors of 79/7 + (-18)/h?
11
Let j = 6 + -8. Let p be 3 - (3 + -2 + j). Suppose -p*y + 19 = -3*y - 2*d, -5*y + 3*d + 60 = 0. What are the prime factors of y?
3
Suppose -2*a - 76 = -3*g, 5*g + 5 = -5. Let y = -20 - a. What are the prime factors of y?
3, 7
Let n be (-5)/((-20)/64) - -3. Suppose 15*h + 32 = n*h. List the prime factors of h.
2
Let u be (-6)/(-4) - (-11)/(-2). List the prime factors of (6/u)/(12/(-80)).
2, 5
Let m(v) = v**3 + 7*v**2 - 8*v + 5. What are the prime factors of m(-8)?
5
Let c be 8/(-24) - (-2)/6. Suppose 4*z = 4*u - 132, c*z + 5*z - 27 = -u. List the prime factors of u.
2
Suppose -3*j + 33 + 0 = 0. List the prime factors of j.
11
Suppose 231 = 5*d + l, -3*l + 2*l + 47 = d. What are the prime factors of d?
2, 23
Let f(o) = o + 1. List the prime factors of f(10).
11
Suppose -p + 2*w + 50 = -3*w, -3*p = 2*w - 99. List the prime factors of p.
5, 7
Let u = -151 - -243. Let i = u - 60. List the prime factors of i.
2
Let h(i) = -i**3 - 2*i**2 - 2*i - 2. Let n = -8 - -6. Let y be h(n). List the prime factors of 2/(-4)*(y - 24).
11
Suppose 0*z + 3*z = 2*l - 25, -l + 3*z = -20. Suppose -2 = h - 0*h + n, 4*h + l*n + 11 = 0. Let g(w) = 17*w**3 - w + 1. List the prime factors of g(h).
17
Let f(k) = -k**2 - 27*k - 45. List the prime factors of f(-18).
3, 13
Let w(v) = -22*v - 5. List the prime factors of w(-1).
17
Let u(q) = q**3 + q**2 + 1. Let f be u(-3). Let d be (-9)/((1 - 2)/(-1)). Let j = d - f. List the prime factors of j.
2
Suppose 4 = 2*q - 3*f, -q - 3*f + 4 = -7. Suppose 0 = -q*r + 10 + 20. List the prime factors of r.
2, 3
Let u(j) = -j + 13. Let y be u(9). Suppose 36 = -0*b + 4*b. Let s = b + y. List the prime factors of s.
13
Let g be (-2)/(-4) - (-6)/4. Suppose 2*z = c - 0*c + 20, 4 = -g*z - 5*c. What are the prime factors of z?
2
Let v(z) = 3*z**2 + 4*z - 2. List the prime factors of v(3).
37
Suppose 3*w = 7*w. Suppose w*y = y - 3. Suppose 2*u = 0, -b = 2*u + u - y. What are the prime factors of b?
3
Let s(d) = -2*d**3 - 4*d**2 + 1. Let q = -13 - -6. Let x = 4 + q. List the prime factors of s(x).
19
Let k(m) = -3*m**3 - 2*m**2 - m - 3. What are the prime factors of k(-3)?
3, 7
Suppose -98 = -5*a - 2*r, 4*r + 41 = 2*a + 3*r. Let g = -14 + a. What are the prime factors of (216/(-16))/(g/(-8))?
2, 3
Suppose 5*q = n + 31 - 10, -2*q = -5*n + 10. Suppose n*d + 3*s = 52, s + 0*s = 0. Let j = -4 + d. What are the prime factors of j?
3
Let h be (-4)/10 - 88/(-20). Suppose -h*v = -19 + 3. List the prime factors of v.
2
Suppose 102 = 5*i - 18. List the prime factors of i.
2, 3
Suppose 3*v + 25 = 3*c + 2*v, 3*v = -2*c + 2. List the prime factors of (-1 - -3) + c + -2.
7
Suppose 5*b + 66 = f - 33, 537 = 5*f - 4*b. What are the prime factors of f?
109
Let p(a) = a**2 + 6*a - 5. Let d be p(-7). Suppose -4*w = -4*f - 68, 0 = -5*w - 0*f + 2*f + 70. Suppose d*x = -x + w. List the prime factors of x.
2
Let u(g) = g**3 - 8*g**2 + 9*g - 9. Let q be u(7). Suppose 5*p - 15 - q = 2*w, w = p - 4. Let d = 3 + p. What are the prime factors of d?
7
Let f(u) = 3*u - 6. Suppose -4*c - 2*m = -14, -c - c - 5*m = -3. What are the prime factors of f(c)?
2, 3
Suppose -3*f + 260 = 2*f. Let d = -13 + f. What are the prime factors of d?
3, 13
Let j = 5 - 3. Suppose -j*s - 42 = -3*c, -2*c - 5*s = -7*c + 70. What are the prime factors of c?
2, 7
Let c = 3 - -19. What are the prime factors of c?
2, 11
Suppose 7*a - 6*a - 2 = 0. List the prime factors of (-798)/(-14)*a/3.
2, 19
Suppose -3*g = -5*g + 6. Suppose 2*q - s = -g*s + 34, -s + 31 = 2*q. What are the prime factors of q?
2, 7
Suppose -2*q = -3*q + 1. Suppose f = 29 + q. Suppose 0*s - f = -3*s. List the prime factors of s.
2, 5
Let r(m) = -2*m**2 - 5*m - 2. Let s be r(-3). Let d(o) = -o - 3. List the prime factors of d(s).
2
Let c(o) be the third derivative of -5*o**4/24 - o**3/6 + o**2. Let n be c(-4). Suppose -2*l - 2 - n = -3*g, -5*g + 22 = l. List the prime factors of g.
5
Let v(i) = i**2 - 9*i + 5. What are the prime factors of v(10)?
3, 5
Suppose 4*u + v - 109 = 0, -u - 2*v + 19 = -10. What are the prime factors of u?
3
Suppose 190 = 3*a - 152. What are the prime factors of a?
2, 3, 19
Let m(h) = -h**3 - 11*h**2 + 10*h + 10. What are the prime factors of m(-12)?
2, 17
Suppose 2*b - 7 + 1 = 2*t, 4*t - 9 = -3*b. What are the prime factors of 1 - (b + -8)*3?
2
Suppose 3*n - x - x = 3, 0 = 2*n - 4*x + 6. Suppose -u - 22 = -5*u + 3*k, -11 = -n*u + 5*k. List the prime factors of u.
7
Let y(o) = o**3 - 18*o**2 + 16*o + 17. Let n be y(17). Suppose -4*u + 20 = 0, -2*u + n*u = -5*c + 125. List the prime factors of c.
3
List the prime factors of (-10 + 6)/(2/(-38)) - 3.
73
Let s = -10 - -1. What are the prime factors of (-284)/(-18) + (-2)/s?
2
Let d(m) = -4*m**2 + m + 3. Let a be d(-2). Suppose -13 = 5*f + 117. Let o = a - f. List the prime factors of o.
11
Let x(s) = s**3 + 5*s**2 - 1. Suppose 4*c = 5*f + 37, -3*f - 2*f - 22 = c. Let h be x(f). What are the prime factors of (h + 2 - -2) + 2?
5
Suppose -5*j = -4*u - 8*j - 19, -4*j = u - 5. Let i = u + 14. What are the prime factors of i?
7
Let y = 8 + -6. Let a = 18 - y. Suppose n - g - a = 0, -n + 0*n - 4*g = 4. List the prime factors of n.
2, 3
Let w(y) = -2*y**3 + 5*y**2 + 4*y + 5. What are the prime factors of w(-4)?
197
Suppose 3*l - 44 = -8. List the prime factors of 1*19 - l/4.
2
Let o = 1 - -20. Let m be o/5 - 2/10. Suppose r + 1 = m. What are the prime factors of r?
3
Let f(i) = 97*i + 19. What are the prime factors of f(3)?
2, 